{"id":117,"date":"2019-03-15T12:41:07","date_gmt":"2019-03-15T12:41:07","guid":{"rendered":"http:\/\/protistomics.eu\/martin\/?page_id=117"},"modified":"2023-12-08T21:43:01","modified_gmt":"2023-12-08T21:43:01","slug":"uaergjo%c2%a7abdflh","status":"publish","type":"page","link":"https:\/\/protistomics.org\/kolisko\/uaergjo%c2%a7abdflh\/","title":{"rendered":"Publications"},"content":{"rendered":"\n<p><strong>2019<\/strong><\/p>\n\n\n\n<p>Treitli SC, <strong>Kolisko  M<\/strong>, Husnik F, Keeling PJ, Hampl V (2019) Revealing the metabolic capacity of Streblomastix strix and its bacterial symbionts using single-cell metagenomics. PNAS doi.org\/10.1073\/pnas.1910793116<br><\/p>\n\n\n\n<p><strong>Salomaki ED <\/strong>, <strong>Kolisko M<\/strong> (2019) There Is Treasure Everywhere: Reductive Plastid Evolution in Apicomplexa in Light of Their Close Relatives Biomolecules 9 (8), 378 <br><\/p>\n\n\n\n<p>Mathur V, <strong>Kol\u00edsko M<\/strong>, Hehenberger E, Irwin NAT, Leander BS, Kristmundsson \u00c1, Freeman MA, Keeling PJ (2019) Multiple Independent Origins of Apicomplexan-Like Parasites. Curr. Biol. 9:2936-2941<\/p>\n\n\n\n<p>Adl SM, Bass D,, Lane CE, Luke\u0161 J,, Schoch CL, Smirnov A, Agatha S, Berney C, Brown MW,, Burki F, C\u00e1rdenas P, \u010cepi\u010dka I, Chistyakova L, Del Campo J, Dunthorn M,, Edvardsen B, Eglit Y, Guillou L, Hampl V, Heiss AA, Hoppenrath M, James TY, Karnkowska A, Karpov S,, Kim E, <strong>Kolisko M<\/strong>, Kudryavtsev A,, Lahr DJG, Lara E,, Le Gall L, Lynn DH,, Mann DG,, Massana R, Mitchell EAD,, Morrow C, Park JS, Pawlowski JW, Powell MJ, Richter DJ, Rueckert S, Shadwick L, Shimano S, Spiegel FW, Torruella G, Youssef N, Zlatogursky V, Zhang Q (2019) Revisions to the Classification, Nomenclature, and Diversity of Eukaryotes.<br> J Eukaryot Microbiol. 2019 66:4-119<\/p>\n\n\n\n<p><strong>2018<\/strong><\/p>\n\n\n\n<p>Del Campo J<em>, <\/em><strong>Kolisko<\/strong> M, Boscaro V, Santoferrara LF, Nenarokov S, Massana R, Guillou L, Simpson AGB, Berney C, de Vargas C, Brown MW, Keeling PJ, Parfrey LW (2018) EukRef: Phylogenetic curation of ribosomal RNA to enhance understanding of eukaryotic diversity and distribution. <em>PLoS Biol<\/em> <strong>16<\/strong>: doi.org\/10.1371\/journal.pbio.2005849\u00a0\u00a0 <\/p>\n\n\n\n<p>Pyrihov\u00e1\nE, Moty\u010dkov\u00e1 A, Voleman L, Wandyszewska N, Fi\u0161er R, Seydlov\u00e1 G, Roger A, <strong>Kol\u00edsko<\/strong> M, Dole\u017eal P (2018) A Single\nTim Translocase In The Mitosomes Of Giardia Intestinalis Illustrates\nConvergence Of Protein Import Machines In Anaerobic Eukaryotes. <em>Genome\nBiol Evol doi.org\/10.1093\/gbe\/evy215<\/em><\/p>\n\n\n\n<p>Vacek\nV, Novak LVF, Treitli SC, Taborsky P, Cepicka I, <strong>Kolisko M<\/strong>, Keeling PJ, Hampl V (2018) Fe-S Cluster assembly in\nOxymonads and related species. doi:10.1093\/molbev\/msy168<\/p>\n\n\n\n<p>Mathur\nV, del Campo J, <strong>Kolisko M<\/strong>, Keeling\nPJ (2018) Global diversity and distribution of close relatives of apicomplexan\nparasites. Env. Microbiol. <strong>20<\/strong>:2824-2833.<\/p>\n\n\n\n<p>Heiss*\nAA, <strong>Kolisko* M<\/strong>, Ekelund F, Brown MW,\nRoger AJ, Simpson AGB (2018) Combined morphological and phylogenomic\nre-examination of malawimonads, a critical taxon for inferring the evolutionary\nhistory of eukaryotes. <em>Roy Soc Open Sci<\/em>\n<strong>5<\/strong>: 171707<\/p>\n\n\n\n<p>Lynn\nDH, <strong>Kolisko M<\/strong>, Bourland W (2018)\nPhylogenomic Analysis of <em>Nassula<\/em> <em>variabilis<\/em> n.sp., <em>Furgasonia<\/em> <em>blochmanni<\/em>,\nand <em>Pseudomicrothorax<\/em> <em>dubius<\/em> Confirms a Nassophorean Clade. <em>Protist<\/em> <strong>169<\/strong>:180-189.<\/p>\n\n\n\n<p><strong>2017<\/strong><\/p>\n\n\n\n<p>Lynn\nDH, <strong>Kolisko M<\/strong> (2017) Molecules\nilluminate morphology: phylogenomics confirms convergent evolution among\n&#8216;oligotrichous&#8217; ciliates. <em>Int J Syst Evol\nMicrobiol <\/em><strong>67<\/strong>: 3676-3682. <\/p>\n\n\n\n<p>Del\nCampo J, James ER, Hirakawa Y, Fiorito R, <strong>Kolisko\nM<\/strong>, Irwin NAT, Mathur V, Boscaro V, Hehenberger E, Karnkowska A, Scheffrahn\nRH, Keeling PJ (2017) <em>Pseudotrichonympha<\/em>\n<em>leei<\/em>, <em>Pseudotrichonympha<\/em> <em>lifesoni<\/em>,\nand <em>Pseudotrichonympha pearti<\/em>, new\nspecies of parabasalian flagellates and the description of a rotating subcellular\nstructure. <em>Sci<\/em> <em>Rep<\/em> <strong>7<\/strong>:16349.<\/p>\n\n\n\n<p>Boscaro\nV, <strong>Kolisko M<\/strong>, Felletti M, Vannini C,\nLynn DH, Keeling PJ (2017) Parallel genome reduction in symbionts descended\nfrom closely related free-living bacteria. <em>Nat<\/em>\n<em>Ecol<\/em> <em>Evol<\/em> <strong>1<\/strong>:1160-1167.<\/p>\n\n\n\n<p>Strassert\nJFH, Karnkowska A, Hehenberger E, Del Campo J, <strong>Kolisko M<\/strong>, Okamoto N,Burki F, Janou\u0161kovec J, Poirier C, Leonard G,\nHallam SJ, Richards TA, Worden AZ, Santoro AE, Keeling PJ (2017) Single cell\ngenomics of uncultured marine alveolates shows paraphyly of basal\ndinoflagellates. <em>ISME<\/em> <em>J<\/em> <strong>12<\/strong>:304-308<\/p>\n\n\n\n<p>Gentekaki\nE, Curtis BA, Stairs CW, Klime\u0161 V, Eli\u00e1\u0161 M, Salas-Leiva DE, HermanEK, Eme L,\nArias MC, Henrissat B, Hilliou F, Klute MJ, Suga H, Malik SB, Pightling AW, <strong>Kolisko M<\/strong>, Rachubinski RA, Schlacht A,\nSoanes DM, Tsaousis AD, Archibald JM, Ball SG, Dacks JB, Clark CG, van der\nGiezen M, Roger AJ (2017) Extreme genome diversity in the hyper-prevalent\nparasitic eukaryote Blastocystis. <em>PLoS Biol<\/em>\n<strong>15<\/strong>: e2003769<\/p>\n\n\n\n<p>Boscaro\nV, James ER, Fiorito R, Hehenberger E, Karnkowska A, Del Campo J, <strong>Kolisko M<\/strong>, Irwin NAT, Mathur V, Scheffrahn\nRH, Keeling PJ (2017) Molecular characterization and phylogeny of four new\nspecies of the genus <em>Trichonympha <\/em>(Parabasalia,\nTrichonymphea) from lower termite hindguts. <em>Int<\/em>\n<em>J Syst Evol Microbiol<\/em> <strong>67<\/strong>: 3570-3575<\/p>\n\n\n\n<p>Hehenberger\nE, Tikhonenkov DV, <strong>Kolisko M<\/strong>, Del\nCampo J, Esaulov AS, Mylnikov AP, Keeling PJ (2017) Novel Predators Reshape\nHolozoan Phylogeny and Reveal the Presence of a Two-Component Signaling System\nin the Ancestor of Animals. <em>Curr Biol<\/em>\n<strong>27<\/strong>: 2043-2050<\/p>\n\n\n\n<p>Leger* MM, <strong>Kolisko*<\/strong> M, Kamikawa* R,\nStairs CW, Kume K, \u010cepi\u010dka I, Silberman JD, Andersson JO, Xu F, Yabuki A, Eme\nL, Zhang Q, Takishita K, Inagaki Y, Simpson AGB, Hashimoto T and Roger AJ\n(2017) Organelles that illuminate the origins of Trichomonas hydrogenosomes and\nGiardia mitosomes. <em>Nature Ecol Evol<\/em>, <strong>1<\/strong>:0092.<\/p>\n\n\n\n<p>Gentekaki E, <strong>Kolisko M<\/strong>, Gong Y\nand Lynn D (2017) Phylogenomics solves a long-standing evolutionary puzzle in\nthe ciliate world: The subclass Peritrichia is monophyletic. <em>Mol<\/em> <em>Phylogenet<\/em>\n<em>and<\/em> <em>Evol<\/em>, <strong>106<\/strong>: 1-5.<\/p>\n","protected":false},"excerpt":{"rendered":"<p>2019 Treitli SC, Kolisko M, Husnik F, Keeling PJ, Hampl V (2019) Revealing the metabolic capacity of Streblomastix strix and its bacterial symbionts using single-cell metagenomics. PNAS doi.org\/10.1073\/pnas.1910793116 Salomaki ED &#8230;<\/p>\n","protected":false},"author":3,"featured_media":0,"parent":0,"menu_order":0,"comment_status":"closed","ping_status":"closed","template":"","meta":{"_uag_custom_page_level_css":"","footnotes":""},"uagb_featured_image_src":{"full":false,"thumbnail":false,"medium":false,"medium_large":false,"large":false,"1536x1536":false,"2048x2048":false,"onepress-blog-small":false,"onepress-small":false,"onepress-medium":false},"uagb_author_info":{"display_name":"Petr Taborsky","author_link":"https:\/\/protistomics.org\/kolisko\/blog\/author\/petr\/"},"uagb_comment_info":0,"uagb_excerpt":"2019 Treitli SC, Kolisko M, Husnik F, Keeling PJ, Hampl V (2019) Revealing the metabolic capacity of Streblomastix strix and its bacterial symbionts using single-cell metagenomics. PNAS doi.org\/10.1073\/pnas.1910793116 Salomaki ED ...","_links":{"self":[{"href":"https:\/\/protistomics.org\/kolisko\/wp-json\/wp\/v2\/pages\/117"}],"collection":[{"href":"https:\/\/protistomics.org\/kolisko\/wp-json\/wp\/v2\/pages"}],"about":[{"href":"https:\/\/protistomics.org\/kolisko\/wp-json\/wp\/v2\/types\/page"}],"author":[{"embeddable":true,"href":"https:\/\/protistomics.org\/kolisko\/wp-json\/wp\/v2\/users\/3"}],"replies":[{"embeddable":true,"href":"https:\/\/protistomics.org\/kolisko\/wp-json\/wp\/v2\/comments?post=117"}],"version-history":[{"count":12,"href":"https:\/\/protistomics.org\/kolisko\/wp-json\/wp\/v2\/pages\/117\/revisions"}],"predecessor-version":[{"id":205,"href":"https:\/\/protistomics.org\/kolisko\/wp-json\/wp\/v2\/pages\/117\/revisions\/205"}],"wp:attachment":[{"href":"https:\/\/protistomics.org\/kolisko\/wp-json\/wp\/v2\/media?parent=117"}],"curies":[{"name":"wp","href":"https:\/\/api.w.org\/{rel}","templated":true}]}}